[INFO] cloning repository https://github.com/Nejat/test-toolbox-rs
[INFO] running `Command { std: "git" "-c" "credential.helper=" "-c" "credential.helper=/workspace/cargo-home/bin/git-credential-null" "clone" "--bare" "https://github.com/Nejat/test-toolbox-rs" "/workspace/cache/git-repos/https%3A%2F%2Fgithub.com%2FNejat%2Ftest-toolbox-rs", kill_on_drop: false }`
[INFO] [stderr] Cloning into bare repository '/workspace/cache/git-repos/https%3A%2F%2Fgithub.com%2FNejat%2Ftest-toolbox-rs'...
[INFO] running `Command { std: "git" "rev-parse" "HEAD", kill_on_drop: false }`
[INFO] [stdout] ed57907636297ce88d4123d151cbb217b70d524c
[INFO] checking Nejat/test-toolbox-rs against master#e6e4f7ed1589e03bc2f6c5931c1a72e7947e8682 for beta-170-4
[INFO] running `Command { std: "git" "clone" "/workspace/cache/git-repos/https%3A%2F%2Fgithub.com%2FNejat%2Ftest-toolbox-rs" "/workspace/builds/worker-3-tc2/source", kill_on_drop: false }`
[INFO] [stderr] Cloning into '/workspace/builds/worker-3-tc2/source'...
[INFO] [stderr] done.
[INFO] validating manifest of git repo https://github.com/Nejat/test-toolbox-rs on toolchain e6e4f7ed1589e03bc2f6c5931c1a72e7947e8682
[INFO] running `Command { std: CARGO_HOME="/workspace/cargo-home" RUSTUP_HOME="/workspace/rustup-home" "/workspace/cargo-home/bin/cargo" "+e6e4f7ed1589e03bc2f6c5931c1a72e7947e8682" "metadata" "--manifest-path" "Cargo.toml" "--no-deps", kill_on_drop: false }`
[INFO] started tweaking git repo https://github.com/Nejat/test-toolbox-rs
[INFO] finished tweaking git repo https://github.com/Nejat/test-toolbox-rs
[INFO] tweaked toml for git repo https://github.com/Nejat/test-toolbox-rs written to /workspace/builds/worker-3-tc2/source/Cargo.toml
[INFO] running `Command { std: CARGO_HOME="/workspace/cargo-home" RUSTUP_HOME="/workspace/rustup-home" __CARGO_TEST_CHANNEL_OVERRIDE_DO_NOT_USE_THIS="nightly" "/workspace/cargo-home/bin/cargo" "+e6e4f7ed1589e03bc2f6c5931c1a72e7947e8682" "generate-lockfile" "--manifest-path" "Cargo.toml" "-Zno-index-update", kill_on_drop: false }`
[INFO] running `Command { std: CARGO_HOME="/workspace/cargo-home" RUSTUP_HOME="/workspace/rustup-home" "/workspace/cargo-home/bin/cargo" "+e6e4f7ed1589e03bc2f6c5931c1a72e7947e8682" "fetch" "--manifest-path" "Cargo.toml", kill_on_drop: false }`
[INFO] running `Command { std: "docker" "create" "-v" "/var/lib/crater-agent-workspace/builds/worker-3-tc2/target:/opt/rustwide/target:rw,Z" "-v" "/var/lib/crater-agent-workspace/builds/worker-3-tc2/source:/opt/rustwide/workdir:ro,Z" "-v" "/var/lib/crater-agent-workspace/cargo-home:/opt/rustwide/cargo-home:ro,Z" "-v" "/var/lib/crater-agent-workspace/rustup-home:/opt/rustwide/rustup-home:ro,Z" "-e" "SOURCE_DIR=/opt/rustwide/workdir" "-e" "CARGO_TARGET_DIR=/opt/rustwide/target" "-e" "CARGO_HOME=/opt/rustwide/cargo-home" "-e" "RUSTUP_HOME=/opt/rustwide/rustup-home" "-w" "/opt/rustwide/workdir" "-m" "1610612736" "--user" "0:0" "--network" "none" "ghcr.io/rust-lang/crates-build-env/linux@sha256:19e73879b68f455e41552ea35293514db52ea292d993f571636dbffedb77a1ee" "/opt/rustwide/cargo-home/bin/cargo" "+e6e4f7ed1589e03bc2f6c5931c1a72e7947e8682" "metadata" "--no-deps" "--format-version=1", kill_on_drop: false }`
[INFO] [stdout] 8f09e8f607909684a79933e03305805233e14edd7d7e354747ce9879d88b6e8c
[INFO] running `Command { std: "docker" "start" "-a" "8f09e8f607909684a79933e03305805233e14edd7d7e354747ce9879d88b6e8c", kill_on_drop: false }`
[INFO] running `Command { std: "docker" "inspect" "8f09e8f607909684a79933e03305805233e14edd7d7e354747ce9879d88b6e8c", kill_on_drop: false }`
[INFO] running `Command { std: "docker" "rm" "-f" "8f09e8f607909684a79933e03305805233e14edd7d7e354747ce9879d88b6e8c", kill_on_drop: false }`
[INFO] [stdout] 8f09e8f607909684a79933e03305805233e14edd7d7e354747ce9879d88b6e8c
[INFO] running `Command { std: "docker" "create" "-v" "/var/lib/crater-agent-workspace/builds/worker-3-tc2/target:/opt/rustwide/target:rw,Z" "-v" "/var/lib/crater-agent-workspace/builds/worker-3-tc2/source:/opt/rustwide/workdir:ro,Z" "-v" "/var/lib/crater-agent-workspace/cargo-home:/opt/rustwide/cargo-home:ro,Z" "-v" "/var/lib/crater-agent-workspace/rustup-home:/opt/rustwide/rustup-home:ro,Z" "-e" "SOURCE_DIR=/opt/rustwide/workdir" "-e" "CARGO_TARGET_DIR=/opt/rustwide/target" "-e" "CARGO_INCREMENTAL=0" "-e" "RUST_BACKTRACE=full" "-e" "RUSTFLAGS=--cap-lints=forbid" "-e" "RUSTDOCFLAGS=--cap-lints=forbid" "-e" "CARGO_HOME=/opt/rustwide/cargo-home" "-e" "RUSTUP_HOME=/opt/rustwide/rustup-home" "-w" "/opt/rustwide/workdir" "-m" "1610612736" "--user" "0:0" "--network" "none" "ghcr.io/rust-lang/crates-build-env/linux@sha256:19e73879b68f455e41552ea35293514db52ea292d993f571636dbffedb77a1ee" "/opt/rustwide/cargo-home/bin/cargo" "+e6e4f7ed1589e03bc2f6c5931c1a72e7947e8682" "check" "--frozen" "--all" "--all-targets" "--message-format=json", kill_on_drop: false }`
[INFO] [stdout] fabf327982ef5b90b10e2f02a622c328520799871764f9d412105bbdf464edf0
[INFO] running `Command { std: "docker" "start" "-a" "fabf327982ef5b90b10e2f02a622c328520799871764f9d412105bbdf464edf0", kill_on_drop: false }`
[INFO] [stderr]    Compiling proc-macro2 v1.0.59
[INFO] [stderr]    Compiling quote v1.0.28
[INFO] [stderr]     Checking unicode-ident v1.0.9
[INFO] [stderr]    Compiling serde v1.0.163
[INFO] [stderr]    Compiling pulldown-cmark v0.8.0
[INFO] [stderr]     Checking unicode-bidi v0.3.13
[INFO] [stderr]    Compiling syn v1.0.109
[INFO] [stderr]    Compiling semver v1.0.17
[INFO] [stderr]     Checking regex-syntax v0.7.2
[INFO] [stderr]     Checking idna v0.3.0
[INFO] [stderr]     Checking test-toolbox v0.5.0 (/opt/rustwide/workdir)
[INFO] [stderr]     Checking url v2.3.1
[INFO] [stderr]     Checking regex v1.8.3
[INFO] [stderr]     Checking toml v0.5.11
[INFO] [stderr]     Checking version-sync v0.9.4
[INFO] [stdout] error[E0432]: unresolved import `crate::actual`
[INFO] [stdout]  --> src/tests/actual_nested_tests.rs:1:5
[INFO] [stdout]   |
[INFO] [stdout] 1 | use crate::actual;
[INFO] [stdout]   |     ^^^^^^^^^^^^^ no `actual` in the root
[INFO] [stdout] 
[INFO] [stdout] 
[INFO] [stdout] error[E0432]: unresolved import `crate::expect`
[INFO] [stdout]  --> src/tests/actual_nested_tests.rs:2:5
[INFO] [stdout]   |
[INFO] [stdout] 2 | use crate::expect;
[INFO] [stdout]   |     ^^^^^^^^^^^^^ no `expect` in the root
[INFO] [stdout] 
[INFO] [stdout] 
[INFO] [stdout] error[E0432]: unresolved import `crate::actual`
[INFO] [stdout]  --> src/tests/actual_tests.rs:1:5
[INFO] [stdout]   |
[INFO] [stdout] 1 | use crate::actual;
[INFO] [stdout]   |     ^^^^^^^^^^^^^ no `actual` in the root
[INFO] [stdout] 
[INFO] [stdout] 
[INFO] [stdout] error[E0432]: unresolved import `crate::expect`
[INFO] [stdout]  --> src/tests/actual_tests.rs:2:5
[INFO] [stdout]   |
[INFO] [stdout] 2 | use crate::expect;
[INFO] [stdout]   |     ^^^^^^^^^^^^^ no `expect` in the root
[INFO] [stdout] 
[INFO] [stdout] 
[INFO] [stdout] error[E0432]: unresolved import `crate::capture`
[INFO] [stdout]  --> src/tests/capture_tests.rs:1:5
[INFO] [stdout]   |
[INFO] [stdout] 1 | use crate::capture;
[INFO] [stdout]   |     ^^^^^^^^^^^^^^ no `capture` in the root
[INFO] [stdout] 
[INFO] [stdout] 
[INFO] [stdout] error[E0432]: unresolved import `crate::expect`
[INFO] [stdout]  --> src/tests/expect_nested_tests.rs:1:5
[INFO] [stdout]   |
[INFO] [stdout] 1 | use crate::expect;
[INFO] [stdout]   |     ^^^^^^^^^^^^^ no `expect` in the root
[INFO] [stdout] 
[INFO] [stdout] 
[INFO] [stdout] error[E0432]: unresolved import `crate::expect`
[INFO] [stdout]  --> src/tests/expect_tests.rs:1:5
[INFO] [stdout]   |
[INFO] [stdout] 1 | use crate::expect;
[INFO] [stdout]   |     ^^^^^^^^^^^^^ no `expect` in the root
[INFO] [stdout] 
[INFO] [stdout] 
[INFO] [stdout] error: cannot determine resolution for the macro `capture`
[INFO] [stdout]   --> src/tests/capture_tests.rs:63:22
[INFO] [stdout]    |
[INFO] [stdout] 63 |     let (out, err) = capture! {{
[INFO] [stdout]    |                      ^^^^^^^
[INFO] [stdout]    |
[INFO] [stdout]    = note: import resolution is stuck, try simplifying macro imports
[INFO] [stdout] 
[INFO] [stdout] 
[INFO] [stdout] error: cannot determine resolution for the macro `capture`
[INFO] [stdout]   --> src/tests/capture_tests.rs:50:22
[INFO] [stdout]    |
[INFO] [stdout] 50 |     let (out, err) = capture! {{
[INFO] [stdout]    |                      ^^^^^^^
[INFO] [stdout]    |
[INFO] [stdout]    = note: import resolution is stuck, try simplifying macro imports
[INFO] [stdout] 
[INFO] [stdout] 
[INFO] [stdout] error: cannot determine resolution for the macro `capture`
[INFO] [stdout]   --> src/tests/capture_tests.rs:37:22
[INFO] [stdout]    |
[INFO] [stdout] 37 |     let (out, err) = capture! {{
[INFO] [stdout]    |                      ^^^^^^^
[INFO] [stdout]    |
[INFO] [stdout]    = note: import resolution is stuck, try simplifying macro imports
[INFO] [stdout] 
[INFO] [stdout] 
[INFO] [stdout] error: cannot determine resolution for the macro `capture`
[INFO] [stdout]   --> src/tests/capture_tests.rs:24:22
[INFO] [stdout]    |
[INFO] [stdout] 24 |     let (out, err) = capture! {{
[INFO] [stdout]    |                      ^^^^^^^
[INFO] [stdout]    |
[INFO] [stdout]    = note: import resolution is stuck, try simplifying macro imports
[INFO] [stdout] 
[INFO] [stdout] 
[INFO] [stdout] error: cannot determine resolution for the macro `capture`
[INFO] [stdout]  --> src/tests/capture_tests.rs:8:22
[INFO] [stdout]   |
[INFO] [stdout] 8 |     let (out, err) = capture! {{
[INFO] [stdout]   |                      ^^^^^^^
[INFO] [stdout]   |
[INFO] [stdout]   = note: import resolution is stuck, try simplifying macro imports
[INFO] [stdout] 
[INFO] [stdout] 
[INFO] [stdout] error: cannot determine resolution for the macro `expect`
[INFO] [stdout]   --> src/tests/expect_tests.rs:21:5
[INFO] [stdout]    |
[INFO] [stdout] 21 |     expect! { expected: &str = "release", "debug" }
[INFO] [stdout]    |     ^^^^^^
[INFO] [stdout]    |
[INFO] [stdout]    = note: import resolution is stuck, try simplifying macro imports
[INFO] [stdout] 
[INFO] [stdout] 
[INFO] [stdout] error: cannot determine resolution for the macro `expect`
[INFO] [stdout]  --> src/tests/expect_tests.rs:5:5
[INFO] [stdout]   |
[INFO] [stdout] 5 |     expect! { expected = "release", "debug" }
[INFO] [stdout]   |     ^^^^^^
[INFO] [stdout]   |
[INFO] [stdout]   = note: import resolution is stuck, try simplifying macro imports
[INFO] [stdout] 
[INFO] [stdout] 
[INFO] [stdout] error: cannot determine resolution for the macro `expect`
[INFO] [stdout]   --> src/tests/expect_nested_tests.rs:21:9
[INFO] [stdout]    |
[INFO] [stdout] 21 |         expect! { $var: $typ = $rls, $dgb }
[INFO] [stdout]    |         ^^^^^^
[INFO] [stdout] ...
[INFO] [stdout] 43 |     nested! { expected: &str = "release", "debug" }
[INFO] [stdout]    |     ----------------------------------------------- in this macro invocation
[INFO] [stdout]    |
[INFO] [stdout]    = note: import resolution is stuck, try simplifying macro imports
[INFO] [stdout]    = note: this error originates in the macro `nested` (in Nightly builds, run with -Z macro-backtrace for more info)
[INFO] [stdout] 
[INFO] [stdout] 
[INFO] [stdout] error: cannot determine resolution for the macro `expect`
[INFO] [stdout]   --> src/tests/expect_nested_tests.rs:6:9
[INFO] [stdout]    |
[INFO] [stdout] 6  |         expect! { $var = $rls, $dgb }
[INFO] [stdout]    |         ^^^^^^
[INFO] [stdout] ...
[INFO] [stdout] 38 |     nested! { expected = "release", "debug" }
[INFO] [stdout]    |     ----------------------------------------- in this macro invocation
[INFO] [stdout]    |
[INFO] [stdout]    = note: import resolution is stuck, try simplifying macro imports
[INFO] [stdout]    = note: this error originates in the macro `nested` (in Nightly builds, run with -Z macro-backtrace for more info)
[INFO] [stdout] 
[INFO] [stdout] 
[INFO] [stdout] error: cannot determine resolution for the macro `actual`
[INFO] [stdout]   --> src/tests/actual_tests.rs:84:5
[INFO] [stdout]    |
[INFO] [stdout] 84 |     actual! { @rls actual: String; String::from("debug value") }
[INFO] [stdout]    |     ^^^^^^
[INFO] [stdout]    |
[INFO] [stdout]    = note: import resolution is stuck, try simplifying macro imports
[INFO] [stdout] 
[INFO] [stdout] 
[INFO] [stdout] error: cannot determine resolution for the macro `expect`
[INFO] [stdout]   --> src/tests/actual_tests.rs:83:5
[INFO] [stdout]    |
[INFO] [stdout] 83 |     expect! { expected = "release", "debug value" }
[INFO] [stdout]    |     ^^^^^^
[INFO] [stdout]    |
[INFO] [stdout]    = note: import resolution is stuck, try simplifying macro imports
[INFO] [stdout] 
[INFO] [stdout] 
[INFO] [stdout] error: cannot determine resolution for the macro `actual`
[INFO] [stdout]   --> src/tests/actual_tests.rs:72:5
[INFO] [stdout]    |
[INFO] [stdout] 72 |     actual! { @rls actual: String }
[INFO] [stdout]    |     ^^^^^^
[INFO] [stdout]    |
[INFO] [stdout]    = note: import resolution is stuck, try simplifying macro imports
[INFO] [stdout] 
[INFO] [stdout] 
[INFO] [stdout] error: cannot determine resolution for the macro `expect`
[INFO] [stdout]   --> src/tests/actual_tests.rs:71:5
[INFO] [stdout]    |
[INFO] [stdout] 71 |     expect! { expected = "release", "" }
[INFO] [stdout]    |     ^^^^^^
[INFO] [stdout]    |
[INFO] [stdout]    = note: import resolution is stuck, try simplifying macro imports
[INFO] [stdout] 
[INFO] [stdout] 
[INFO] [stdout] error: cannot determine resolution for the macro `actual`
[INFO] [stdout]   --> src/tests/actual_tests.rs:60:5
[INFO] [stdout]    |
[INFO] [stdout] 60 |     actual! { @rls mut actual: String; String::new() }
[INFO] [stdout]    |     ^^^^^^
[INFO] [stdout]    |
[INFO] [stdout]    = note: import resolution is stuck, try simplifying macro imports
[INFO] [stdout] 
[INFO] [stdout] 
[INFO] [stdout] error: cannot determine resolution for the macro `expect`
[INFO] [stdout]   --> src/tests/actual_tests.rs:59:5
[INFO] [stdout]    |
[INFO] [stdout] 59 |     expect! { expected = "release", "" }
[INFO] [stdout]    |     ^^^^^^
[INFO] [stdout]    |
[INFO] [stdout]    = note: import resolution is stuck, try simplifying macro imports
[INFO] [stdout] 
[INFO] [stdout] 
[INFO] [stdout] error: cannot determine resolution for the macro `actual`
[INFO] [stdout]   --> src/tests/actual_tests.rs:48:5
[INFO] [stdout]    |
[INFO] [stdout] 48 |     actual! { @dbg mut actual: String; String::new() }
[INFO] [stdout]    |     ^^^^^^
[INFO] [stdout]    |
[INFO] [stdout]    = note: import resolution is stuck, try simplifying macro imports
[INFO] [stdout] 
[INFO] [stdout] 
[INFO] [stdout] error: cannot determine resolution for the macro `expect`
[INFO] [stdout]   --> src/tests/actual_tests.rs:47:5
[INFO] [stdout]    |
[INFO] [stdout] 47 |     expect! { expected = "", "debug" }
[INFO] [stdout]    |     ^^^^^^
[INFO] [stdout]    |
[INFO] [stdout]    = note: import resolution is stuck, try simplifying macro imports
[INFO] [stdout] 
[INFO] [stdout] 
[INFO] [stdout] error: cannot determine resolution for the macro `actual`
[INFO] [stdout]   --> src/tests/actual_tests.rs:36:5
[INFO] [stdout]    |
[INFO] [stdout] 36 |     actual! { @dbg actual: String; String::from("release value") }
[INFO] [stdout]    |     ^^^^^^
[INFO] [stdout]    |
[INFO] [stdout]    = note: import resolution is stuck, try simplifying macro imports
[INFO] [stdout] 
[INFO] [stdout] 
[INFO] [stdout] error: cannot determine resolution for the macro `expect`
[INFO] [stdout]   --> src/tests/actual_tests.rs:35:5
[INFO] [stdout]    |
[INFO] [stdout] 35 |     expect! { expected = "release value", "debug" }
[INFO] [stdout]    |     ^^^^^^
[INFO] [stdout]    |
[INFO] [stdout]    = note: import resolution is stuck, try simplifying macro imports
[INFO] [stdout] 
[INFO] [stdout] 
[INFO] [stdout] error: cannot determine resolution for the macro `actual`
[INFO] [stdout]   --> src/tests/actual_tests.rs:24:5
[INFO] [stdout]    |
[INFO] [stdout] 24 |     actual! { @dbg actual: String }
[INFO] [stdout]    |     ^^^^^^
[INFO] [stdout]    |
[INFO] [stdout]    = note: import resolution is stuck, try simplifying macro imports
[INFO] [stdout] 
[INFO] [stdout] 
[INFO] [stdout] error: cannot determine resolution for the macro `expect`
[INFO] [stdout]   --> src/tests/actual_tests.rs:23:5
[INFO] [stdout]    |
[INFO] [stdout] 23 |     expect! { expected = "", "debug" }
[INFO] [stdout]    |     ^^^^^^
[INFO] [stdout]    |
[INFO] [stdout]    = note: import resolution is stuck, try simplifying macro imports
[INFO] [stdout] 
[INFO] [stdout] 
[INFO] [stdout] error: cannot determine resolution for the macro `actual`
[INFO] [stdout]    --> src/tests/actual_nested_tests.rs:61:9
[INFO] [stdout]     |
[INFO] [stdout] 61  |         actual! { @rls $var: $typ; $val }
[INFO] [stdout]     |         ^^^^^^
[INFO] [stdout] ...
[INFO] [stdout] 122 |     nested! { @rls actual: String; String::from("debug value") }
[INFO] [stdout]     |     ------------------------------------------------------------ in this macro invocation
[INFO] [stdout]     |
[INFO] [stdout]     = note: import resolution is stuck, try simplifying macro imports
[INFO] [stdout]     = note: this error originates in the macro `nested` (in Nightly builds, run with -Z macro-backtrace for more info)
[INFO] [stdout] 
[INFO] [stdout] 
[INFO] [stdout] error: cannot determine resolution for the macro `expect`
[INFO] [stdout]    --> src/tests/actual_nested_tests.rs:60:9
[INFO] [stdout]     |
[INFO] [stdout] 60  |         expect! { expected = "release", "debug value" }
[INFO] [stdout]     |         ^^^^^^
[INFO] [stdout] ...
[INFO] [stdout] 122 |     nested! { @rls actual: String; String::from("debug value") }
[INFO] [stdout]     |     ------------------------------------------------------------ in this macro invocation
[INFO] [stdout]     |
[INFO] [stdout]     = note: import resolution is stuck, try simplifying macro imports
[INFO] [stdout]     = note: this error originates in the macro `nested` (in Nightly builds, run with -Z macro-backtrace for more info)
[INFO] [stdout] 
[INFO] [stdout] 
[INFO] [stdout] error: cannot determine resolution for the macro `actual`
[INFO] [stdout]    --> src/tests/actual_nested_tests.rs:37:9
[INFO] [stdout]     |
[INFO] [stdout] 37  |         actual! { @rls $var: $typ }
[INFO] [stdout]     |         ^^^^^^
[INFO] [stdout] ...
[INFO] [stdout] 117 |     nested! { @rls actual: String }
[INFO] [stdout]     |     ------------------------------- in this macro invocation
[INFO] [stdout]     |
[INFO] [stdout]     = note: import resolution is stuck, try simplifying macro imports
[INFO] [stdout]     = note: this error originates in the macro `nested` (in Nightly builds, run with -Z macro-backtrace for more info)
[INFO] [stdout] 
[INFO] [stdout] 
[INFO] [stdout] error: cannot determine resolution for the macro `expect`
[INFO] [stdout]    --> src/tests/actual_nested_tests.rs:36:9
[INFO] [stdout]     |
[INFO] [stdout] 36  |         expect! { expected = "release", "" }
[INFO] [stdout]     |         ^^^^^^
[INFO] [stdout] ...
[INFO] [stdout] 117 |     nested! { @rls actual: String }
[INFO] [stdout]     |     ------------------------------- in this macro invocation
[INFO] [stdout]     |
[INFO] [stdout]     = note: import resolution is stuck, try simplifying macro imports
[INFO] [stdout]     = note: this error originates in the macro `nested` (in Nightly builds, run with -Z macro-backtrace for more info)
[INFO] [stdout] 
[INFO] [stdout] 
[INFO] [stdout] error: cannot determine resolution for the macro `actual`
[INFO] [stdout]    --> src/tests/actual_nested_tests.rs:85:9
[INFO] [stdout]     |
[INFO] [stdout] 85  |         actual! { @rls mut $var: $typ; $exp }
[INFO] [stdout]     |         ^^^^^^
[INFO] [stdout] ...
[INFO] [stdout] 112 |     nested! { @rls mut actual: String; String::new() }
[INFO] [stdout]     |     -------------------------------------------------- in this macro invocation
[INFO] [stdout]     |
[INFO] [stdout]     = note: import resolution is stuck, try simplifying macro imports
[INFO] [stdout]     = note: this error originates in the macro `nested` (in Nightly builds, run with -Z macro-backtrace for more info)
[INFO] [stdout] 
[INFO] [stdout] 
[INFO] [stdout] error: cannot determine resolution for the macro `expect`
[INFO] [stdout]    --> src/tests/actual_nested_tests.rs:84:9
[INFO] [stdout]     |
[INFO] [stdout] 84  |         expect! { expected = "release", "" }
[INFO] [stdout]     |         ^^^^^^
[INFO] [stdout] ...
[INFO] [stdout] 112 |     nested! { @rls mut actual: String; String::new() }
[INFO] [stdout]     |     -------------------------------------------------- in this macro invocation
[INFO] [stdout]     |
[INFO] [stdout]     = note: import resolution is stuck, try simplifying macro imports
[INFO] [stdout]     = note: this error originates in the macro `nested` (in Nightly builds, run with -Z macro-backtrace for more info)
[INFO] [stdout] 
[INFO] [stdout] 
[INFO] [stdout] error: cannot determine resolution for the macro `actual`
[INFO] [stdout]    --> src/tests/actual_nested_tests.rs:73:9
[INFO] [stdout]     |
[INFO] [stdout] 73  |         actual! { @dbg mut $var: $typ; $exp }
[INFO] [stdout]     |         ^^^^^^
[INFO] [stdout] ...
[INFO] [stdout] 107 |     nested! { @dbg mut actual: String; String::new() }
[INFO] [stdout]     |     -------------------------------------------------- in this macro invocation
[INFO] [stdout]     |
[INFO] [stdout]     = note: import resolution is stuck, try simplifying macro imports
[INFO] [stdout]     = note: this error originates in the macro `nested` (in Nightly builds, run with -Z macro-backtrace for more info)
[INFO] [stdout] 
[INFO] [stdout] 
[INFO] [stdout] error: cannot determine resolution for the macro `expect`
[INFO] [stdout]    --> src/tests/actual_nested_tests.rs:72:9
[INFO] [stdout]     |
[INFO] [stdout] 72  |         expect! { expected = "", "debug" }
[INFO] [stdout]     |         ^^^^^^
[INFO] [stdout] ...
[INFO] [stdout] 107 |     nested! { @dbg mut actual: String; String::new() }
[INFO] [stdout]     |     -------------------------------------------------- in this macro invocation
[INFO] [stdout]     |
[INFO] [stdout]     = note: import resolution is stuck, try simplifying macro imports
[INFO] [stdout]     = note: this error originates in the macro `nested` (in Nightly builds, run with -Z macro-backtrace for more info)
[INFO] [stdout] 
[INFO] [stdout] 
[INFO] [stdout] error: cannot determine resolution for the macro `actual`
[INFO] [stdout]    --> src/tests/actual_nested_tests.rs:49:9
[INFO] [stdout]     |
[INFO] [stdout] 49  |         actual! { @dbg $var: $typ; $val }
[INFO] [stdout]     |         ^^^^^^
[INFO] [stdout] ...
[INFO] [stdout] 102 |     nested! { @dbg actual: String; String::from("release value") }
[INFO] [stdout]     |     -------------------------------------------------------------- in this macro invocation
[INFO] [stdout]     |
[INFO] [stdout]     = note: import resolution is stuck, try simplifying macro imports
[INFO] [stdout]     = note: this error originates in the macro `nested` (in Nightly builds, run with -Z macro-backtrace for more info)
[INFO] [stdout] 
[INFO] [stdout] 
[INFO] [stdout] error: cannot determine resolution for the macro `expect`
[INFO] [stdout]    --> src/tests/actual_nested_tests.rs:48:9
[INFO] [stdout]     |
[INFO] [stdout] 48  |         expect! { expected = "release value", "debug" }
[INFO] [stdout]     |         ^^^^^^
[INFO] [stdout] ...
[INFO] [stdout] 102 |     nested! { @dbg actual: String; String::from("release value") }
[INFO] [stdout]     |     -------------------------------------------------------------- in this macro invocation
[INFO] [stdout]     |
[INFO] [stdout]     = note: import resolution is stuck, try simplifying macro imports
[INFO] [stdout]     = note: this error originates in the macro `nested` (in Nightly builds, run with -Z macro-backtrace for more info)
[INFO] [stdout] 
[INFO] [stdout] 
[INFO] [stdout] error: cannot determine resolution for the macro `actual`
[INFO] [stdout]   --> src/tests/actual_nested_tests.rs:25:9
[INFO] [stdout]    |
[INFO] [stdout] 25 |         actual! { @dbg $var: $typ }
[INFO] [stdout]    |         ^^^^^^
[INFO] [stdout] ...
[INFO] [stdout] 97 |     nested! { @dbg actual: String }
[INFO] [stdout]    |     ------------------------------- in this macro invocation
[INFO] [stdout]    |
[INFO] [stdout]    = note: import resolution is stuck, try simplifying macro imports
[INFO] [stdout]    = note: this error originates in the macro `nested` (in Nightly builds, run with -Z macro-backtrace for more info)
[INFO] [stdout] 
[INFO] [stdout] 
[INFO] [stdout] error: cannot determine resolution for the macro `expect`
[INFO] [stdout]   --> src/tests/actual_nested_tests.rs:24:9
[INFO] [stdout]    |
[INFO] [stdout] 24 |         expect! { expected = "", "debug" }
[INFO] [stdout]    |         ^^^^^^
[INFO] [stdout] ...
[INFO] [stdout] 97 |     nested! { @dbg actual: String }
[INFO] [stdout]    |     ------------------------------- in this macro invocation
[INFO] [stdout]    |
[INFO] [stdout]    = note: import resolution is stuck, try simplifying macro imports
[INFO] [stdout]    = note: this error originates in the macro `nested` (in Nightly builds, run with -Z macro-backtrace for more info)
[INFO] [stdout] 
[INFO] [stdout] 
[INFO] [stdout] error[E0425]: cannot find value `expected` in this scope
[INFO] [stdout]   --> src/tests/actual_nested_tests.rs:31:20
[INFO] [stdout]    |
[INFO] [stdout] 31 |         assert_eq!(expected, $var);
[INFO] [stdout]    |                    ^^^^^^^^ not found in this scope
[INFO] [stdout] ...
[INFO] [stdout] 97 |     nested! { @dbg actual: String }
[INFO] [stdout]    |     ------------------------------- in this macro invocation
[INFO] [stdout]    |
[INFO] [stdout]    = note: this error originates in the macro `nested` (in Nightly builds, run with -Z macro-backtrace for more info)
[INFO] [stdout] 
[INFO] [stdout] 
[INFO] [stdout] error[E0425]: cannot find value `expected` in this scope
[INFO] [stdout]    --> src/tests/actual_nested_tests.rs:55:20
[INFO] [stdout]     |
[INFO] [stdout] 55  |         assert_eq!(expected, $var);
[INFO] [stdout]     |                    ^^^^^^^^ not found in this scope
[INFO] [stdout] ...
[INFO] [stdout] 102 |     nested! { @dbg actual: String; String::from("release value") }
[INFO] [stdout]     |     -------------------------------------------------------------- in this macro invocation
[INFO] [stdout]     |
[INFO] [stdout]     = note: this error originates in the macro `nested` (in Nightly builds, run with -Z macro-backtrace for more info)
[INFO] [stdout] 
[INFO] [stdout] 
[INFO] [stdout] error[E0425]: cannot find value `expected` in this scope
[INFO] [stdout]    --> src/tests/actual_nested_tests.rs:79:20
[INFO] [stdout]     |
[INFO] [stdout] 79  |         assert_eq!(expected, $var);
[INFO] [stdout]     |                    ^^^^^^^^ not found in this scope
[INFO] [stdout] ...
[INFO] [stdout] 107 |     nested! { @dbg mut actual: String; String::new() }
[INFO] [stdout]     |     -------------------------------------------------- in this macro invocation
[INFO] [stdout]     |
[INFO] [stdout]     = note: this error originates in the macro `nested` (in Nightly builds, run with -Z macro-backtrace for more info)
[INFO] [stdout] 
[INFO] [stdout] 
[INFO] [stdout] error[E0425]: cannot find value `expected` in this scope
[INFO] [stdout]    --> src/tests/actual_nested_tests.rs:91:20
[INFO] [stdout]     |
[INFO] [stdout] 91  |         assert_eq!(expected, $var);
[INFO] [stdout]     |                    ^^^^^^^^ not found in this scope
[INFO] [stdout] ...
[INFO] [stdout] 112 |     nested! { @rls mut actual: String; String::new() }
[INFO] [stdout]     |     -------------------------------------------------- in this macro invocation
[INFO] [stdout]     |
[INFO] [stdout]     = note: this error originates in the macro `nested` (in Nightly builds, run with -Z macro-backtrace for more info)
[INFO] [stdout] 
[INFO] [stdout] 
[INFO] [stdout] error[E0425]: cannot find value `expected` in this scope
[INFO] [stdout]    --> src/tests/actual_nested_tests.rs:43:20
[INFO] [stdout]     |
[INFO] [stdout] 43  |         assert_eq!(expected, $var);
[INFO] [stdout]     |                    ^^^^^^^^ not found in this scope
[INFO] [stdout] ...
[INFO] [stdout] 117 |     nested! { @rls actual: String }
[INFO] [stdout]     |     ------------------------------- in this macro invocation
[INFO] [stdout]     |
[INFO] [stdout]     = note: this error originates in the macro `nested` (in Nightly builds, run with -Z macro-backtrace for more info)
[INFO] [stdout] 
[INFO] [stdout] 
[INFO] [stdout] error[E0425]: cannot find value `expected` in this scope
[INFO] [stdout]    --> src/tests/actual_nested_tests.rs:67:20
[INFO] [stdout]     |
[INFO] [stdout] 67  |         assert_eq!(expected, $var);
[INFO] [stdout]     |                    ^^^^^^^^ not found in this scope
[INFO] [stdout] ...
[INFO] [stdout] 122 |     nested! { @rls actual: String; String::from("debug value") }
[INFO] [stdout]     |     ------------------------------------------------------------ in this macro invocation
[INFO] [stdout]     |
[INFO] [stdout]     = note: this error originates in the macro `nested` (in Nightly builds, run with -Z macro-backtrace for more info)
[INFO] [stdout] 
[INFO] [stdout] 
[INFO] [stdout] error[E0425]: cannot find value `expected` in this scope
[INFO] [stdout]   --> src/tests/actual_tests.rs:30:16
[INFO] [stdout]    |
[INFO] [stdout] 30 |     assert_eq!(expected, actual);
[INFO] [stdout]    |                ^^^^^^^^ not found in this scope
[INFO] [stdout] 
[INFO] [stdout] 
[INFO] [stdout] error[E0425]: cannot find value `expected` in this scope
[INFO] [stdout]   --> src/tests/actual_tests.rs:42:16
[INFO] [stdout]    |
[INFO] [stdout] 42 |     assert_eq!(expected, actual);
[INFO] [stdout]    |                ^^^^^^^^ not found in this scope
[INFO] [stdout] 
[INFO] [stdout] 
[INFO] [stdout] error[E0425]: cannot find value `expected` in this scope
[INFO] [stdout]   --> src/tests/actual_tests.rs:54:16
[INFO] [stdout]    |
[INFO] [stdout] 54 |     assert_eq!(expected, actual);
[INFO] [stdout]    |                ^^^^^^^^ not found in this scope
[INFO] [stdout] 
[INFO] [stdout] 
[INFO] [stdout] error[E0425]: cannot find value `expected` in this scope
[INFO] [stdout]   --> src/tests/actual_tests.rs:66:16
[INFO] [stdout]    |
[INFO] [stdout] 66 |     assert_eq!(expected, actual);
[INFO] [stdout]    |                ^^^^^^^^ not found in this scope
[INFO] [stdout] 
[INFO] [stdout] 
[INFO] [stdout] error[E0425]: cannot find value `expected` in this scope
[INFO] [stdout]   --> src/tests/actual_tests.rs:78:16
[INFO] [stdout]    |
[INFO] [stdout] 78 |     assert_eq!(expected, actual);
[INFO] [stdout]    |                ^^^^^^^^ not found in this scope
[INFO] [stdout] 
[INFO] [stdout] 
[INFO] [stdout] error[E0425]: cannot find value `expected` in this scope
[INFO] [stdout]   --> src/tests/actual_tests.rs:90:16
[INFO] [stdout]    |
[INFO] [stdout] 90 |     assert_eq!(expected, actual);
[INFO] [stdout]    |                ^^^^^^^^ not found in this scope
[INFO] [stdout] 
[INFO] [stdout] 
[INFO] [stdout] error[E0425]: cannot find value `expected` in this scope
[INFO] [stdout]   --> src/tests/expect_nested_tests.rs:38:15
[INFO] [stdout]    |
[INFO] [stdout] 38 |     nested! { expected = "release", "debug" }
[INFO] [stdout]    |               ^^^^^^^^ not found in this scope
[INFO] [stdout] 
[INFO] [stdout] 
[INFO] [stdout] error[E0425]: cannot find value `expected` in this scope
[INFO] [stdout]   --> src/tests/expect_nested_tests.rs:43:15
[INFO] [stdout]    |
[INFO] [stdout] 43 |     nested! { expected: &str = "release", "debug" }
[INFO] [stdout]    |               ^^^^^^^^ not found in this scope
[INFO] [stdout] 
[INFO] [stdout] 
[INFO] [stdout] error[E0425]: cannot find value `expected` in this scope
[INFO] [stdout]   --> src/tests/expect_tests.rs:16:16
[INFO] [stdout]    |
[INFO] [stdout] 16 |     assert_eq!(expected, actual);
[INFO] [stdout]    |                ^^^^^^^^ not found in this scope
[INFO] [stdout] 
[INFO] [stdout] 
[INFO] [stdout] error[E0425]: cannot find value `expected` in this scope
[INFO] [stdout]   --> src/tests/expect_tests.rs:33:16
[INFO] [stdout]    |
[INFO] [stdout] 33 |     assert_eq!(expected, actual);
[INFO] [stdout]    |                ^^^^^^^^ not found in this scope
[INFO] [stdout] 
[INFO] [stdout] 
[INFO] [stdout] error: aborting due to 56 previous errors
[INFO] [stdout] 
[INFO] [stdout] 
[INFO] [stdout] Some errors have detailed explanations: E0425, E0432.
[INFO] [stdout] 
[INFO] [stdout] For more information about an error, try `rustc --explain E0425`.
[INFO] [stdout] 
[INFO] [stderr] error: could not compile `test-toolbox` (lib test) due to 57 previous errors
[INFO] running `Command { std: "docker" "inspect" "fabf327982ef5b90b10e2f02a622c328520799871764f9d412105bbdf464edf0", kill_on_drop: false }`
[INFO] running `Command { std: "docker" "rm" "-f" "fabf327982ef5b90b10e2f02a622c328520799871764f9d412105bbdf464edf0", kill_on_drop: false }`
[INFO] [stdout] fabf327982ef5b90b10e2f02a622c328520799871764f9d412105bbdf464edf0
